re the prime factors of (-10345)/(-50) + ((-427)/q - 6)?
3, 23
Suppose 217*w - 211*w = 1194. Let m = w + 136. What are the prime factors of m?
5, 67
List the prime factors of 59694 - (-216 + -4)/(-20).
13, 4591
Suppose 0 = -6*j + 12594 + 17406. List the prime factors of j.
2, 5
Let a(p) = p**2 + 5*p + 5. Let h(f) = f**2 - f - 7. Let g be h(2). Let l be a(g). List the prime factors of -10*(-2 + l + (-132)/5).
2, 3, 13
Suppose 26 = 20*l - 34. Suppose l*v - 4 = -1, 5*s - 5030 = -5*v. What are the prime factors of s?
3, 5, 67
Let o(n) = -2*n**2 - 5*n - 5. Let i be -1*(-19)/(-5) + 3/(-15). Let k be o(i). Let s(z) = -14*z - 21. What are the prime factors of s(k)?
7, 31
List the prime factors of (20 - 9 - 14)*-7747.
3, 61, 127
List the prime factors of (273 - -4)*(2715/75 + 4/5).
37, 277
Suppose 7*q = 112580 - 94139 + 381763. List the prime factors of q.
2, 14293
Let r(y) = -y**3 + 23*y**2 - 22*y. Let o be r(22). Suppose o = 3*t - 7*t. Suppose t = -4*g + 75 + 941. What are the prime factors of g?
2, 127
Let k = 1647 - -7076. What are the prime factors of k?
11, 13, 61
List the prime factors of -48*(-1105)/(-3)*(-177)/236.
2, 3, 5, 13, 17
Suppose -2437150 + 422729 = -79*f. What are the prime factors of f?
43, 593
Let j be (-7)/4 - (-30)/(-120). List the prime factors of 16 - (2 - (-3 - j)).
13
List the prime factors of (-18)/(-15)*(-2077125)/(-174).
3, 5, 191
Let v be (-4)/8 + 14/4. Suppose -281 = -v*p + 91. Let l = p - 81. What are the prime factors of l?
43
Let g(r) = -2*r**2 + 40*r - 166. Let u be (-24)/(4 - -2) + 90/5. What are the prime factors of g(u)?
2
Let b be (32/88)/((-2)/(-19811)). What are the prime factors of (-1)/((7 + -9)/b)?
1801
Let b(d) = -d**3 + 7*d**2 - 2*d - 22. Let v be b(5). List the prime factors of ((-1464)/v + 5)*3/(-1).
229
Suppose 7*l = 2782 - 878. Suppose 2*r = 2*c - l, -c = r - 130 - 0. Let x = c + -72. What are the prime factors of x?
61
Let c = -46 - -731. What are the prime factors of c?
5, 137
Let u(c) = -257*c**3 + 13*c**2 - 14*c - 259. List the prime factors of u(-7).
7, 11, 1151
Suppose 16 = 6*i - 32. Let p be 86/8*i/2. Suppose -f + p = -25. What are the prime factors of f?
2, 17
Suppose 21905 = 9*h + 8924 - 47364. What are the prime factors of h?
3, 5, 149
Suppose -2*y = -3 - 1, 18 = 4*p + 5*y. Suppose -2585 = -p*r + 5*o, -r + 1300 = -0*r - 4*o. What are the prime factors of r?
2, 5
Let o = 484 - -91. Let x = o - 202. What are the prime factors of x?
373
Let m be (13/26)/((-2)/(-20)). Suppose 0 = -4*b + 4*r + 244, 4*r - 47 - 285 = -m*b. Suppose -2*y + 48 = -b. List the prime factors of y.
2, 7
Let o(r) = -r**3 + 7*r**2 - 6*r. Let y be o(6). Suppose y = 2*n - 37 - 1. Let v(m) = 2*m - 5. List the prime factors of v(n).
3, 11
Let a(h) = 2*h**2 - 32*h + 30. Let z be a(15). Suppose 5*k - 540 = -o, -3*o = -4*k - z*o + 413. List the prime factors of k.
107
Let b(z) = -z + 12. Let v be b(8). Suppose -3*a + 25 = 4*i, -i - 3 + v = -a. Suppose -a*j - s + 222 = 0, 2*s = -5*j - 82 + 453. List the prime factors of j.
73
Let r(y) = y**2 + 15*y + 59. Let t be r(-10). Suppose u + 3*w + 11 = 0, -t - 4 = -u + 3*w. Let v = 19 - u. What are the prime factors of v?
2, 3
Let w be -2*38*(-7)/(-14). Let h = 199 + w. List the prime factors of h.
7, 23
Let b be 22/(13/(-2145)*5/2). What are the prime factors of 3*(b/(-9) - -6)?
2, 251
Let i be (6 - (8 - 6))/(-1) + -14. Let o = -1 - -4. Let a = o - i. List the prime factors of a.
3, 7
Suppose -4*r - 28 = -3*o, 0 = -3*r + 3*o - 4*o - 8. Let m(c) = -12*c**3 - 2*c**2 - c + 19. List the prime factors of m(r).
3, 11, 23
Suppose 17*d - 80064 = 16071. What are the prime factors of d?
3, 5, 13, 29
Suppose 15 = -3*b, 5*o + 0*b - b = 116350. List the prime factors of o.
23269
Let t(y) = 2*y**2 + 9*y - 11. Let s be t(-5). List the prime factors of 2130/(-25)*15/s.
3, 71
Let c be (-10)/(-5)*158/(-4). Let l = 83 + c. Suppose 21 = -l*j + 1, 5*j = -4*n + 39. What are the prime factors of n?
2
Let s(n) = 39*n**2 + 7 - 2*n**3 - 15*n**2 - 36*n**2 + 3*n**3 - 12*n. Let h be s(12). List the prime factors of 21/35 + h/(-5).
2, 7
Let f(r) = -r - 8. Let j be f(9). Let v(b) = -b**3 - 17*b**2. Let n be v(j). Suppose -2*k + 320 = -5*u + u, n = -3*k - 5*u + 425. List the prime factors of k.
2, 3, 5
Suppose -63*n - 51252 + 1002300 = 0. What are the prime factors of n?
2, 3, 17, 37
Suppose -34*t + 1357 = -33*t. Suppose 5*a - 453 = t. What are the prime factors of a/9 - (-18)/(-81)?
2, 5
List the prime factors of (-45724)/(-6) - (-4)/3.
2, 37, 103
Let f(w) = w**3 + 3*w**2 - 9*w + 13. Let s be f(9). Let r = -542 + s. What are the prime factors of r?
2, 181
Let c = 121 - 121. Suppose c = -13*o + 14*o - 851. What are the prime factors of o?
23, 37
Let g = -32963 - -66734. List the prime factors of g.
3, 11257
Suppose -8*i + 22 - 334 = 0. Let u(v) = v**2 + 24*v - 60. What are the prime factors of u(i)?
3, 5, 7
Let x be -3*3/12 + 171913/28. List the prime factors of x/28 - 2/8.
3, 73
Suppose -3*x - 7*b + 2*b + 6 = 0, -3*b = 0. Suppose 5*t + 2*c = 1520, x*t - 2*c = -5*c + 608. What are the prime factors of t?
2, 19
Suppose -4*j - 2*i + 12 = 0, -12*j = -8*j - 4*i - 36. Suppose 32 = l + 4*a, -j*a + 118 = 4*l + 23. List the prime factors of l.
2, 5
Suppose -19 + 61 = 14*g. Let b = -3 - -3. Suppose 3*i - u - 3*u - 410 = b, -i - g*u = -128. List the prime factors of i.
2, 67
Suppose -1754 = 3*c - 5*c. What are the prime factors of c?
877
Suppose -153 = -16*p + 103. Let b(a) = a**3 - 14*a**2 + 20*a + 34. List the prime factors of b(p).
2, 433
Let r = -34755 - -52439. What are the prime factors of r?
2, 4421
Let m(n) = -4995*n**3 + 3*n**2 + 7*n + 5. What are the prime factors of m(-1)?
2, 1249
Let f(q) = -68 - q**2 - 71 + 0*q**2 - 20*q + 124. Suppose -d - 15 = -0. What are the prime factors of f(d)?
2, 3, 5
Let m(r) = 2*r**3 - 12*r**2 + 21*r + 12. Let d be m(9). Suppose -2*i + 5*j + 1426 = 0, 9*j - 5*j - d = -i. List the prime factors of i.
19, 37
What are the prime factors of 526/(((-153)/323)/(-9))?
2, 19, 263
Let i = -81 - -92. Suppose -3081 = -i*n - 2*n. Let q = n + -137. What are the prime factors of q?
2, 5
Let f = 611 - 293. Suppose 71*d - 77*d + f = 0. List the prime factors of d.
53
Let a(v) = -2858*v + 397. List the prime factors of a(-5).
19, 773
Let k(x) = -6*x**2 + 7*x + 9. Let f be k(4). Let v = 374 - f. What are the prime factors of v?
433
Let k be ((-3)/(-2))/((-10)/(-20)). Let a be -879*k/(-6) + 12/8. Let o = a - 263. What are the prime factors of o?
2, 89
What are the prime factors of 127/(3048/(-144))*15373/(-3)?
2, 15373
Let p = 7 + -3. Suppose -264 = p*f + 2*f. Let k = f + 86. What are the prime factors of k?
2, 3, 7
Suppose x - 39112 = -4*i, 0 = i - 4*x - 1762 - 8016. What are the prime factors of i?
2, 4889
Let q(r) = -16*r + 27. Let v(l) = 18*l - 28. Let b(m) = -6*q(m) - 5*v(m). List the prime factors of b(8).
2, 13
Let p = 14585 + 5179. What are the prime factors of p?
2, 3, 61
Let p(k) = 14*k - 93. What are the prime factors of p(39)?
3, 151
Let n(w) = -136*w + 59. Suppose 268*s - 259*s + 63 = 0. List the prime factors of n(s).
3, 337
Let o(m) = 105*m**2 - 15*m + 76. What are the prime factors of o(14)?
2, 10223
Suppose 2 = 2*m + i, 10 = 2*m - 4*m + 2*i. What are the prime factors of 14650/9 + m/27*-6?
2, 11, 37
Let j be (-24)/(-4)*2/4. Suppose 5 + 34 = a + j*i, -2*i = -6. What are the prime factors of a?
2, 3, 5
Let z(j) = j**2 + j + 1. Let a be z(-2). Suppose -5*q - k + 455 = -3*q, -5*q - a*k + 1139 = 0. What are the prime factors of q?
2, 113
Let b(g) = 7*g + 6. Let h(k) = -k. Let d(a) = -b(a) + 2*h(a). Let i be d(-7). Let c = i - 53. What are the prime factors of c?
2
Suppose 21601 + 77885 = 6*n. List the prime factors of n.
3, 5527
Suppose 168*r - 186209 = 159*r + 342856. What are the prime factors of r?
3, 5, 3919
Suppose 43 = y + y + 3*h, 2*y + h - 53 = 0. Let m(s) = 16 - 30*s - y*s + 62*s - 20*s. List the prime factors of m(-6).
2, 59
Let x = -79 - -73. Let a be (26/x + 3)*-3. Suppose f - 7 - 7 = -4*w, -141 = -a*f + w. What are the prime factors of f?
2, 17
Let p(k) = -3*k**2 - 401*k + 118. What are the prime factors of p(-36)?
2, 5333
Suppose -3*l + 15172 - 61 = 0. What are the prime factors of l?
3, 23, 73
Let l = -1759 - -2167. List the prime factors of l.
2, 3, 17
Let y be (-55)/(-22)*1*62. 